 + 3*l - 145 = -11, l = -2. What is the tens digit of c?
2
Let k(b) = 4*b. What is the units digit of k(1)?
4
Suppose -2*c - 2*i = -18, 5*i - 16 = -2*c + 2*i. What is the units digit of 33/1 - 11/c?
2
Suppose 0 = 6*t - 4*t - 88. What is the tens digit of t?
4
Let x(h) = -h - 4*h**3 + 5*h**3 - 2 + h**3 - h**2. Let c be x(3). What is the units digit of -1 + 3*c/6?
9
Let v(q) = 0*q + 2 + 5*q**2 - 4*q**2 + 6*q. Let t be v(-7). Suppose 6 = 3*o - t. What is the units digit of o?
5
Suppose -3*u = u - 88. Suppose 3*k + u = 79. What is the tens digit of k?
1
Suppose -w - 14 - 29 = -3*i, -4*i = 2*w - 74. What is the units digit of i?
6
Suppose 5*o = 2*y + o - 166, 3*o = 4*y - 352. What is the units digit of y?
1
Suppose 10 = 2*z + 4. Suppose -z*n = -5*o - 17, 5*n - 2*o - 3 - 38 = 0. Suppose 2*j - 9 - n = 0. What is the units digit of j?
9
Suppose -2*a - 9 = -a. Let l = -7 - a. Suppose u + 1 = g, 0 = l*u - 3*g + 5 + 1. What is the units digit of u?
3
Suppose 17*a = 12*a + 905. What is the hundreds digit of a?
1
Suppose 34 = -i - i - 3*g, 3*g = 12. Let z = -1 - i. What is the tens digit of z?
2
Let q(d) = -d**2 + 4*d + 6. Let h be q(5). What is the units digit of (7 - 14)/(h - 2)?
7
Let y = 2 - 8. Let n = 18 + y. What is the units digit of n?
2
Suppose 4*p - 530 = 50. What is the tens digit of p?
4
Suppose -2*x = -17 - 13. Suppose 0 = k + 4*k - x. What is the units digit of k?
3
Let y = 2 - 5. Let m = y - -4. What is the units digit of m?
1
Suppose 5 = 3*v - 3*m - 13, 5*v - 18 = m. Suppose -v*g = -g - 6. Let d = 15 - g. What is the tens digit of d?
1
Let o be (-4)/14 - (-821)/7. Suppose 3*g = j + o, 6*j - 3*j = -9. What is the tens digit of g?
3
Suppose -5*z - 1583 = -4*l, -l - 2*z - 84 = -483. What is the tens digit of l?
9
Let t = 0 - 1. Let x = 4 - t. Suppose -2*a = -x*c + 45, 0 = -2*c - 2*a + 3 + 1. What is the units digit of c?
7
Suppose 5*n - 3*u = 498, -3*u + 8*u - 490 = -5*n. Suppose -n - 21 = -4*o. Let g = o - 11. What is the units digit of g?
9
Suppose -4*a - 20 = -5*l, -4*l - 3*a - 2*a = 25. Suppose -4*p - 3 = -w, l = 5*w - 0*p + 5*p - 65. What is the units digit of w?
1
Let d be (3 - 1)*(-24)/16. What is the tens digit of ((-48)/(-2))/(d/(-2))?
1
Let t = 10 + -7. Let g(z) = z**3 - 2*z**2 + 3*z - 2. What is the tens digit of g(t)?
1
Let i be 9/6*(-4)/(-3). Suppose 35 = 4*x - w, i*x + 32 = 6*x - 4*w. What is the units digit of x?
9
Let c be (4/1)/2 - 36. Let t = c + 60. What is the tens digit of t?
2
Let j(h) = 58*h**3 - h**2 + 1. What is the tens digit of j(1)?
5
Let p(x) = 2*x**3 + 5. Let w(o) = o**3. Let i be 6/4 + (-1)/2. Let f(n) = i*p(n) - w(n). What is the units digit of f(0)?
5
Suppose -3*t + 3*f = -9, f + 11 = t + t. Let u = t - 3. What is the units digit of u?
5
Suppose 5*q - 15 = -0*q. Suppose -q*i - 16 = 5*r - 71, -i = -2*r. What is the tens digit of i?
1
Suppose 2*q + b = 60, 0 = -2*q + 4*b - 6*b + 56. What is the tens digit of q?
3
Suppose -k = 2*k - 15. Suppose -5*j + b = -b - 214, k*b - 200 = -5*j. What is the tens digit of j?
4
Suppose 11*z - 220 = -9*z. Let v(n) = -4*n**3 - 3*n**2 - n + 2. Let x be v(-2). Let q = x - z. What is the units digit of q?
3
Let u(i) = 2*i**2 - i + 31. What is the hundreds digit of u(-13)?
3
Let d(m) = -m**3 - 4*m**2 - m + 1. Let n be d(-2). What is the units digit of (-2)/n + 86/10?
9
Suppose 6*t - 273 - 69 = 0. What is the tens digit of t?
5
Let z(c) = 3*c**2 + 2*c + 1. Let n be z(-1). Let m = 0 + 13. Suppose n*p + 5*u + 13 = 0, -u = 4*p - 4*u - m. What is the units digit of p?
1
Suppose -5*h + 27 = -0*t + t, 5*t + 3*h - 179 = 0. What is the units digit of t?
7
Let s = -12 + 12. Suppose a + 5*b - 39 = 2*b, s = a + 4*b - 42. What is the units digit of a?
0
Let z(r) = r**3 + 6*r**2 - 2*r - 8. Suppose d + 5*c - 4 - 2 = 0, 0 = -5*c. Let y(n) = -n**2 + 4*n + 6. Let p be y(d). What is the units digit of z(p)?
4
Let a(w) = -w**3 + 13*w**2 - 13*w + 18. Let j be a(12). Suppose -2*k - 10 = -3*k + 5*u, -4 = -2*u. Suppose -k = o - j*o. What is the units digit of o?
4
Let h = -6 - -5. What is the units digit of -2 - h/((-1)/(-8))?
6
Suppose 0*z - 3*z - 735 = 0. What is the units digit of z/(-20) + (-2)/8?
2
Let r(l) = l**3 + 8*l**2 - 13*l. Let s be r(-9). Suppose s = w + 2*w. What is the tens digit of w?
1
Suppose 3*j - 15 - 3 = 0. Let m(v) = -8*v**2. Let l(x) = 7*x**2 - x + 1. Let s(a) = j*m(a) + 7*l(a). What is the units digit of s(7)?
7
Suppose 5*o + 2*a = -5, 0 = -5*o - 5*a + a - 15. Let j be 64/10 - 4/10. Let z = j - o. What is the units digit of z?
5
Suppose 3*l - 6 = h, -h + 6*h = -2*l + 55. What is the units digit of h?
9
Let o = -2 + 3. What is the tens digit of o*49 - (9 - 11)?
5
Suppose 35*r = 38*r - 525. What is the tens digit of r?
7
Suppose -90 = -5*x - 0*x. Let t = -11 + x. Suppose -t - 15 = -2*v - 2*m, 5*v + 4*m = 52. What is the units digit of v?
8
Suppose 4*x - 28 = -h + 8, -5*x - 5*h + 60 = 0. Suppose l + x - 30 = 0. Suppose 2*g - 8 = -0*g, -3*k = -2*g - l. What is the units digit of k?
0
Let k(v) = 9*v**2 + 11*v - 4. What is the hundreds digit of k(3)?
1
Suppose 4*r = -0*r - 32. What is the units digit of 1 + r/(-1) + -1?
8
Let m = -598 + 924. What is the hundreds digit of m?
3
Suppose -5*j = -2*g + 11, -2*g + 4*j + 10 = -0*g. Suppose 3*n + g = -3*s, -s - 2*n = -5*n - 3. Suppose 0 = -s*u - 4*u + 4. What is the units digit of u?
1
Suppose -3 = -3*o + 9. Suppose o*t + 3*b = 35, -5*b - 9 = 2*t - 44. What is the units digit of t?
5
Suppose 5*l = -2*q + 73, q - 5 = 3*l + 4. What is the tens digit of q?
2
What is the tens digit of 2/4*(87 + -3)?
4
Suppose 5*h = 4*r - 3*r + 13, 7 = 5*h - 4*r. Suppose u - 44 = -h*u. Let j = -6 + u. What is the units digit of j?
5
Suppose -55 = -k - 17. Let q = k - -2. What is the units digit of q?
0
Let m(y) be the second derivative of y**3/2 + 7*y**2/2 - 6*y. What is the tens digit of m(4)?
1
Let k = 205 + -117. What is the units digit of k?
8
Suppose 16 + 0 = 4*v. Let o(r) = 4*r - 6 - 1 + 2 + v. What is the units digit of o(1)?
3
Let v be (38/4)/(3/18). Suppose 3*w + 0*w = p - v, -3*w + 168 = 4*p. What is the units digit of p?
5
Suppose -2*v + 3*v - 45 = 0. What is the units digit of 2358/v - (-3)/5?
3
Let r = -10 + 15. Let g = 15 + -30. What is the units digit of (-111)/g + (-2)/r?
7
Let y = 1 - -3. Suppose 0*r = y*r. Let q = 5 - r. What is the units digit of q?
5
Suppose -5*p + 4*p = -2. Suppose 0 = 5*x + n - 53, -p*x - 5 + 37 = -5*n. What is the tens digit of x?
1
What is the units digit of (-5 + 46)/((-1)/(-1))?
1
Suppose -u = 2*j - 20, 14 - 4 = j - u. Suppose -7*k = -2*k - j. What is the units digit of k/6 + 28/6?
5
Suppose -23 = -3*a + 1. Let l = 58 - 34. Suppose 3*h = 2*d - l, 4*d = -2*h + 8 + a. What is the units digit of d?
6
Suppose -5*g + 24 = -1. What is the tens digit of 3/3 - -2*g?
1
Let a = -12 + -1. Let v = a - -20. Suppose -r + 3*d + 2 = 0, -5*r + v*d + 50 = 2*d. What is the tens digit of r?
1
Let d = 27 - 10. Let o = -9 + d. What is the units digit of o?
8
Suppose -v - 45 = -6*v. Suppose v*o - 100 = 5*o. What is the tens digit of o?
2
Suppose 84 + 122 = h. What is the hundreds digit of h?
2
Let g = 1 - 2. Let b be (0 + (-5 - -2))/g. Let a = b - -17. What is the tens digit of a?
2
Let m = 7 - 2. Suppose -11 = -3*z + 1, -5*z + 56 = -3*g. What is the units digit of (g/15)/((-2)/m)?
2
Suppose -3*l = 4 + 35. What is the units digit of 30 + l + 0 + 0?
7
What is the tens digit of 452/28 + (-1)/7?
1
Let h(k) = -4*k - 6. Let s(u) = 5*u + 7. Let j(f) = 6*h(f) + 5*s(f). Let r be j(10). Let l = r - 5. What is the units digit of l?
4
Suppose 0 = -2*y + x + 14, 3*x = y - 20 + 3. Suppose -68 = -0*z - 3*z - 5*j, y*j + 100 = 5*z. What is the tens digit of z?
2
Let j = -164 + 238. What is the units digit of j?
4
Let b(j) = -j**3 + 8*j**2 + 4. What is the units digit of b(8)?
4
Suppose 5 = -w, 0 = -0*r - 2*r - 3*w + 85. What is the units digit of r?
0
Suppose 5*j = 10, 0 = u - 2*j - 2*j + 8. Let q(h) = h**3 - h + 17. What is the units digit of q(u)?
7
Suppose 157 = 2*p + 27. What is the tens digit of p?
6
Let n(j) = 4*j + 2. Let w be n(4). Suppose q - w = -t, -4*t + 77 = -0*t - q. Suppose -4*u + t = 3*g - 17, 0 = -3*u. What is the tens digit of g?
1
Let q = -9 + 14. Suppose 5*l = -u + 16 + 15, -4*l + 50 = q*u. What is the units digit of u?
6
Let u = -11 + 16. S